ed thousands digit of 70716261?
7
What is the hundred thousands digit of 21257995?
2
What is the ten millions digit of 122131457?
2
What is the hundreds digit of 36338573?
5
What is the tens digit of 33983132?
3
What is the ten millions digit of 20833909?
2
What is the hundred millions digit of 186927254?
1
What is the units digit of 1900375625?
5
What is the hundred thousands digit of 40055635?
0
What is the ten millions digit of 1003332752?
0
What is the units digit of 2484092486?
6
What is the hundred thousands digit of 4028880112?
8
What is the tens digit of 34593380?
8
What is the units digit of 554448233?
3
What is the ten thousands digit of 74313479?
1
What is the thousands digit of 207308158?
8
What is the thousands digit of 976598275?
8
What is the hundred millions digit of 185846912?
1
What is the hundred millions digit of 239470147?
2
What is the units digit of 7336320?
0
What is the ten millions digit of 11694998?
1
What is the tens digit of 364594666?
6
What is the hundred thousands digit of 249407452?
4
What is the millions digit of 79102078?
9
What is the thousands digit of 363553052?
3
What is the ten thousands digit of 360172343?
7
What is the hundred millions digit of 266776810?
2
What is the thousands digit of 28063454?
3
What is the ten thousands digit of 934844983?
4
What is the thousands digit of 562709597?
9
What is the ten millions digit of 79603502?
7
What is the millions digit of 130753761?
0
What is the thousands digit of 66184211?
4
What is the ten thousands digit of 10115629?
1
What is the units digit of 221941247?
7
What is the hundreds digit of 94972484?
4
What is the hundred thousands digit of 1535229659?
2
What is the hundreds digit of 20257010?
0
What is the tens digit of 40689064?
6
What is the ten thousands digit of 92269865?
6
What is the ten millions digit of 321258987?
2
What is the ten thousands digit of 443971361?
7
What is the tens digit of 813385171?
7
What is the ten thousands digit of 1491603300?
0
What is the millions digit of 231636379?
1
What is the millions digit of 21223450?
1
What is the ten millions digit of 240447871?
4
What is the hundreds digit of 43709345?
3
What is the hundred millions digit of 360794791?
3
What is the ten millions digit of 21602488?
2
What is the millions digit of 1377448875?
7
What is the hundreds digit of 57741663?
6
What is the hundred thousands digit of 994665641?
6
What is the units digit of 21226588?
8
What is the hundreds digit of 56487965?
9
What is the units digit of 13647993?
3
What is the hundreds digit of 1604993610?
6
What is the hundred thousands digit of 2716474432?
4
What is the thousands digit of 262663453?
3
What is the tens digit of 61159122?
2
What is the hundred thousands digit of 970532177?
5
What is the tens digit of 431652163?
6
What is the billions digit of 4056426586?
4
What is the units digit of 6239969975?
5
What is the thousands digit of 214092824?
2
What is the millions digit of 221250584?
1
What is the ten millions digit of 212768132?
1
What is the ten millions digit of 616903786?
1
What is the units digit of 3609675814?
4
What is the hundred millions digit of 188772494?
1
What is the units digit of 29574962?
2
What is the millions digit of 595952342?
5
What is the millions digit of 35467661?
5
What is the hundred millions digit of 643985490?
6
What is the thousands digit of 917211927?
1
What is the ten thousands digit of 46247181?
4
What is the hundred thousands digit of 254122971?
1
What is the hundreds digit of 175547875?
8
What is the hundreds digit of 1254628732?
7
What is the hundred millions digit of 6729592539?
7
What is the units digit of 1799625787?
7
What is the hundred thousands digit of 73656368?
6
What is the tens digit of 95221354?
5
What is the ten millions digit of 417641072?
1
What is the millions digit of 657035924?
7
What is the thousands digit of 72796068?
6
What is the hundred millions digit of 319441433?
3
What is the hundred millions digit of 316506242?
3
What is the ten millions digit of 4021305598?
2
What is the hundreds digit of 1812113096?
0
What is the hundred thousands digit of 401181600?
1
What is the hundred thousands digit of 6861294?
8
What is the ten thousands digit of 138399707?
9
What is the hundred thousands digit of 8086105707?
1
What is the ten millions digit of 2875983654?
7
What is the tens digit of 1738453657?
5
What is the ten thousands digit of 3872062916?
6
What is the hundred millions digit of 2026874296?
0
What is the units digit of 1135605889?
9
What is the thousands digit of 1938830698?
0
What is the hundred thousands digit of 1396821977?
8
What is the ten thousands digit of 34874545?
7
What is the thousands digit of 39462857?
2
What is the hundred millions digit of 217059381?
2
What is the tens digit of 567637924?
2
What is the ten millions digit of 66168609?
6
What is the hundreds digit of 68736890?
8
What is the hundred thousands digit of 2148994?
1
What is the thousands digit of 760595748?
5
What is the ten millions digit of 456646248?
5
What is the billions digit of 1754043933?
1
What is the units digit of 268875644?
4
What is the ten millions digit of 880765328?
8
What is the tens digit of 1077256876?
7
What is the ten millions digit of 1437404029?
3
What is the ten thousands digit of 433293881?
9
What is the units digit of 457073357?
7
What is the ten millions digit of 113548645?
1
What is the hundred thousands digit of 32302493?
3
What is the hundred millions digit of 1602910655?
6
What is the hundreds digit of 105502790?
7
What is the hundreds digit of 122267040?
0
What is the hundred thousands digit of 150429980?
4
What is the billions digit of 1337481047?
1
What is the ten thousands digit of 48198852?
9
What is the hundreds digit of 1045667992?
9
What is the ten thousands digit of 102628885?
2
What is the tens digit of 151605039?
3
What is the ten millions digit of 229756440?
2
What is the thousands digit of 95018644?
8
What is the thousands digit of 81711916?
1
What is the units digit of 156311837?
7
What is the hundred thousands digit of 938940508?
9
What is the billions digit of 1290196325?
1
What is the ten thousands digit of 28339617?
3
What is the units digit of 31584381?
1
What is the millions digit of 73649173?
3
What is the ten thousands digit of 100531957?
3
What is the units digit of 758906166?
6
What is the ten millions digit of 46190577?
4
What is the hundred millions digit of 412823650?
4
What is the millions digit of 903258922?
3
What is the units digit of 497384439?
9
What is the thousands digit of 2646190853?
0
What is the tens digit of 94405001?
0
What is the hundred thousands digit of 295860044?
8
What is the hundreds digit of 21946727?
7
What is the tens digit of 53435279?
7
What is the hundred thousands digit of 111086540?
0
What is the hundreds digit of 28938572?
5
What is the hundred thousands digit of 4565363?
5
What is the millions digit of 398011621?
8
What is the ten millions digit of 339307177?
3
What is the ten thousands digit of 3236745926?
4
What is the millions digit of 52687018?
2
What is the tens digit of 19327644?
4
What is the hundred millions digit of 382005974?
3
What is the hundreds digit of 8386966437?
4
What is the tens digit of 125308947?
4
What is the hundred thousands digit of 80143923?
1
What is the millions digit of 741797269?
1
What is the hundred millions digit of 765446885?
7
What is the hundreds digit of 418240416?
4
What is the ten millions digit of 18875598?
1
What is the hundred thousands digit of 821059226?
0
What is the thousands digit of 3185518197?
8
What is the ten millions digit of 1012121028?
1
What is the hundred thousands digit of 290023137?
0
What is the hundred thousands digit of 79680916?
6
What is the units digit of 121590854?
4
What is the hundred thousands digit of 105596021?
5
What is the hundreds digit of 372819862?
8
What is the units digit of 272511209?
9
What is the hundred thousands digit of 111790603?
7
What is the units digit of 81814564?
4
What is the thousands digit of 1021002948?
2
What is the hundred thousands digit of 4348151866?
1
What is the tens digit of 59436923?
2
What is the hundreds digit of 2365658234?
2
What is the ten millions digit of 156162295?
5
What is the ten millions digit of 346